omposite number?
True
Is 134204041 prime?
True
Is 8751451 a composite number?
False
Is 38640449 a composite number?
True
Is 4648459 prime?
True
Is 1153393 composite?
False
Is 86627741 a prime number?
True
Is 18923287 prime?
False
Is 160139897 a prime number?
True
Is 26568133 a composite number?
True
Is 20405663 a composite number?
False
Is 894503 prime?
True
Is 2926303 a prime number?
False
Is 76039829 a prime number?
False
Is 1286707011 a composite number?
True
Is 2579351269 prime?
False
Is 725724523 a prime number?
True
Is 1276169 composite?
False
Is 1335353 prime?
False
Is 518429 a prime number?
True
Is 15019223 prime?
True
Is 1292809 prime?
False
Is 4039313 composite?
True
Is 8234659 a composite number?
True
Is 16404247 a prime number?
True
Is 9340907 composite?
True
Is 2292665 a prime number?
False
Is 9786961 a prime number?
False
Is 3599581 a prime number?
True
Is 6087161 composite?
False
Is 3492659 a composite number?
True
Is 18033839 a prime number?
True
Is 349073 a composite number?
True
Is 83891 composite?
False
Is 1868519 a composite number?
False
Is 121357139 prime?
True
Is 129689983 composite?
False
Is 3917131 a composite number?
False
Is 206910877 a composite number?
False
Is 104735 composite?
True
Is 4993895 a composite number?
True
Is 55693957 composite?
True
Is 35726 a composite number?
True
Is 1691427469 prime?
True
Is 242247973 prime?
False
Is 13404529 a prime number?
True
Is 162567411 a prime number?
False
Is 12940645 composite?
True
Is 7966853 composite?
False
Is 1263601 a composite number?
True
Is 5136269 a composite number?
False
Is 231178117 a composite number?
False
Is 91669799 prime?
False
Is 321684789 composite?
True
Is 24225737 a composite number?
False
Is 319680373 prime?
False
Is 11049251 a composite number?
True
Is 76654667 composite?
False
Is 5189146 composite?
True
Is 11325103 a prime number?
True
Is 6315679 prime?
False
Is 2327309 a composite number?
True
Is 46180217 a composite number?
False
Is 1938553 a composite number?
False
Is 7508983 a prime number?
False
Is 14425529 prime?
True
Is 21308039 composite?
True
Is 3285829 prime?
False
Is 12679633 a composite number?
False
Is 833825989 prime?
True
Is 1577340211 a prime number?
True
Is 50321219 prime?
False
Is 1574087 a prime number?
False
Is 127992989 a prime number?
True
Is 69386389 prime?
True
Is 271981 composite?
False
Is 17647687 prime?
False
Is 5736769 composite?
True
Is 1658233 a prime number?
True
Is 3114781 prime?
True
Is 9044383 composite?
True
Is 129496511 composite?
False
Is 1196413 prime?
True
Is 22757 a prime number?
False
Is 635197 composite?
False
Is 45967546 composite?
True
Is 341160847 composite?
False
Is 1069349 prime?
True
Is 81921223 prime?
False
Is 947449 a composite number?
False
Is 1066663 a prime number?
False
Is 63471979 prime?
True
Is 342395017 composite?
False
Is 17497039 a prime number?
False
Is 150210262 a composite number?
True
Is 4316473 a prime number?
False
Is 5693239 a composite number?
True
Is 1789987 a composite number?
False
Is 48381 prime?
False
Is 610658 a prime number?
False
Is 5415961 a composite number?
True
Is 9237421 composite?
True
Is 16129291 composite?
False
Is 55009 a composite number?
False
Is 2935433 composite?
False
Is 2244131 a prime number?
True
Is 30583427 a composite number?
True
Is 282019427 prime?
True
Is 168089419 composite?
False
Is 12872843 a prime number?
False
Is 5475937 a prime number?
True
Is 723418567 composite?
False
Is 90073219 composite?
True
Is 93647 prime?
False
Is 5921411 a prime number?
True
Is 79097047 a prime number?
False
Is 3638507 prime?
True
Is 5260111 a prime number?
False
Is 4676689 prime?
False
Is 14792273 a composite number?
True
Is 463711 prime?
True
Is 1867781 prime?
False
Is 83468051 composite?
False
Is 6294055 a composite number?
True
Is 56050981 a composite number?
True
Is 19351567 composite?
False
Is 543245 prime?
False
Is 14918261 prime?
False
Is 5513987 prime?
True
Is 1550707 composite?
True
Is 6552393 prime?
False
Is 4755629 a prime number?
True
Is 3022579 a composite number?
True
Is 75545123 prime?
False
Is 46301659 a composite number?
True
Is 30741077 prime?
False
Is 51851879 a prime number?
False
Is 2302087529 a prime number?
False
Is 256622281 prime?
True
Is 1443551 composite?
False
Is 1175509 a prime number?
True
Is 24692093 composite?
False
Is 70857911 composite?
False
Is 12169963 a prime number?
False
Is 8456989 a composite number?
False
Is 98125463 a composite number?
False
Is 576089 a prime number?
True
Is 767243 a prime number?
True
Is 82129 composite?
False
Is 3057571 a composite number?
True
Is 237788465 prime?
False
Is 189630303 a prime number?
False
Is 4354891 a composite number?
True
Is 6234821 prime?
True
Is 11657011 a prime number?
True
Is 887687 a composite number?
True
Is 86950967 prime?
True
Is 617465858 prime?
False
Is 3390787 a prime number?
True
Is 5787323 a composite number?
True
Is 211279 a composite number?
True
Is 71215003 composite?
False
Is 934721 prime?
True
Is 112086343 composite?
False
Is 57083 a prime number?
False
Is 2578439 prime?
False
Is 303339877 a composite number?
False
Is 3352771 composite?
True
Is 13610371 prime?
True
Is 176328107 prime?
False
Is 254114017 a composite number?
False
Is 2522357 a composite number?
False
Is 7880311 a composite number?
True
Is 3803113 prime?
True
Is 1493563 a composite number?
False
Is 1573283 prime?
True
Is 1602343 a composite number?
True
Is 46457819 prime?
True
Is 1961669 a prime number?
True
Is 1803629 prime?
True
Is 193077263 prime?
True
Is 4659227 composite?
True
Is 206209217 a composite number?
False
Is 101226011 a prime number?
False
Is 239149 prime?
False
Is 132407 a prime number?
False
Is 64803511 a prime number?
False
Is 63218821 composite?
False
Is 673129 prime?
True
Is 35758967 prime?
True
Is 1816387 a composite number?
False
Is 177915437 prime?
False
Is 436801 a prime number?
True
Is 19303969 a prime number?
False
Is 1161561073 a prime number?
True
Is 92029591 prime?
True
Is 123589 prime?
False
Is 60783751 composite?
True
Is 56843 prime?
True
Is 640457 a composite number?
False
Is 3725627 prime?
False
Is 2167703 a composite number?
False
Is 44040077 a composite number?
False
Is 258422609 composite?
True
Is 1071739 a prime number?
True
Is 6684033 a composite number?
True
Is 2037691 composite?
True
Is 1791613 composite?
True
Is 1774871 a prime number?
False
Is 2204359 a composite number?
True
Is 50507627 prime?
False
Is 92543377 a prime number?
True
Is 2669795 prime?
False
Is 95793253 prime?
True
Is 3295102 prime?
False
Is 3779723 composite?
True
Is 473647 prime?
True
Is 78863227 composite?
True
Is 19019537 a prime number?
False
Is 2003557 a composite number?
False
Is 44688981 a prime number?
False
Is 11414119 a composite number?
False
Is 6160927 composite?
False
Is 8476511 prime?
True
Is 1519699 prime?
False
Is 2623703 a composite number?
True
Is 6320159 prime?
True
Is 223149215 prime?
False
Is 37323931 prime?
False
Is 26377787 composite?
False
Is 134243 a prime number?
True
Is 16735379 a composite number?
False
Is 557261 composite?
False
Is 42655231 a composite number?
False
Is 53196887 a prime number?
False
Is 745589073 a prime number?
False
Is 2343323 a prime number?
False
Is 42966877 a prime number?
True
Is 66913331 composite?
False
Is 12168049 a prime number?
False
Is 234683 composite?
False
Is 11466229 a prime number?
True
Is 115474463 a prime number?
False
Is 25579291 a prime number?
True
Is 450815 a prime number?
False
Is 438799 a prime number?
False
Is 173637629 composite?
True
Is 13358035 a prime number?
False
Is 13769521 a composite number?
False
Is 18235409 prime?
False
Is 23654921 a prime number?
True
Is 246193 a composite number?
False
Is 138140879 composite?
False
Is 295915927 a prime number?
True
Is 65997157 composite?
False
Is 10168291 prime?
False
Is 433080707 a composite number?
False
Is 38887367 prime?
True
Is 440966221 composite?
True
Is 3671401 composite?
False
Is 48534887 a composite number?
True
Is 6343999 a prime number?
False
Is 2894579 prime?
True
Is 3209357 a composite number?
True
Is 294540409 a prime number?
True
Is 68683 a prime number?
True
Is 87965161 prime?
True
Is 2804693 a composite number?
False
Is 818989121 a prime number?
True
Is 102404959 a pr